{"id":136,"date":"2025-10-04T08:20:02","date_gmt":"2025-10-04T11:20:02","guid":{"rendered":"http:\/\/192.168.1.150\/user2\/wp_prototypes\/autoparts\/?post_type=product&#038;p=136"},"modified":"2025-10-04T14:32:30","modified_gmt":"2025-10-04T17:32:30","slug":"caixa-acustica-para-som-ambiente-lexsen-lsa065wh","status":"publish","type":"product","link":"https:\/\/www.audiovisao.com.br\/site\/produto\/caixa-acustica-para-som-ambiente-lexsen-lsa065wh\/","title":{"rendered":"CAIXA AC\u00daSTICA PARA SOM AMBIENTE LEXSEN LSA065WH"},"content":{"rendered":"<p>Especifica\u00e7\u00f5es<\/p>\n<p>&#8211; Tipo: caixa de som ambiente passiva;<br \/>\n&#8211; Modelo: LSA65 WH;<br \/>\n&#8211; Carca\u00e7a: pl\u00e1stico extrusado;<br \/>\n&#8211; 1 falante de 6,5&#8243; e tweeter de 1\u201d;<br \/>\n&#8211; Pot\u00eancia: 60W RMS;<br \/>\n&#8211; Sensibilidade: 92dB;<br \/>\n&#8211; Resist\u00eancia: 8 Ohms;<br \/>\n&#8211; Resposta de frequ\u00eancia: 65Hz a 20KHz;<br \/>\n&#8211; Dimens\u00f5es: 290mm x 215mm x 190mm;<br \/>\n&#8211; Acompanha al\u00e7a met\u00e1lica de sustenta\u00e7\u00e3o com \u00e2ngulo ajust\u00e1vel;<br \/>\n&#8211; Peso de cada caixa: 3,15kg (com al\u00e7a met\u00e1lica);<br \/>\n&#8211; Cor: Branca.<\/p>\n<p>(Especifica\u00e7\u00f5es fornecidas pelo fabricante \/ importador)<\/p>\n","protected":false},"excerpt":{"rendered":"<p>CAIXA DE SOM AMBIENTE, COM AL\u00c7A &#8211; 6,5&#8243; &#8211; BRANCA (PAR)<\/p>\n","protected":false},"featured_media":2036,"template":"","meta":{"_bst_post_transparent":"default","_bst_post_title":"","_bst_post_layout":"default","_bst_post_sidebar_id":"","_bst_post_content_style":"default","_bst_post_vertical_padding":"default","_bst_post_feature":"","_bst_post_feature_position":"","_bst_post_header":false,"_bst_post_footer":false},"product_brand":[],"product_cat":[119,113],"product_tag":[],"class_list":{"0":"post-136","1":"product","2":"type-product","3":"status-publish","4":"has-post-thumbnail","6":"product_cat-audio","7":"product_cat-caixas-acusticas","9":"first","10":"instock","11":"shipping-taxable","12":"purchasable","13":"product-type-simple","14":"entry","15":"content-bg","16":"loop-entry"},"_links":{"self":[{"href":"https:\/\/www.audiovisao.com.br\/site\/wp-json\/wp\/v2\/product\/136","targetHints":{"allow":["GET"]}}],"collection":[{"href":"https:\/\/www.audiovisao.com.br\/site\/wp-json\/wp\/v2\/product"}],"about":[{"href":"https:\/\/www.audiovisao.com.br\/site\/wp-json\/wp\/v2\/types\/product"}],"wp:featuredmedia":[{"embeddable":true,"href":"https:\/\/www.audiovisao.com.br\/site\/wp-json\/wp\/v2\/media\/2036"}],"wp:attachment":[{"href":"https:\/\/www.audiovisao.com.br\/site\/wp-json\/wp\/v2\/media?parent=136"}],"wp:term":[{"taxonomy":"product_brand","embeddable":true,"href":"https:\/\/www.audiovisao.com.br\/site\/wp-json\/wp\/v2\/product_brand?post=136"},{"taxonomy":"product_cat","embeddable":true,"href":"https:\/\/www.audiovisao.com.br\/site\/wp-json\/wp\/v2\/product_cat?post=136"},{"taxonomy":"product_tag","embeddable":true,"href":"https:\/\/www.audiovisao.com.br\/site\/wp-json\/wp\/v2\/product_tag?post=136"}],"curies":[{"name":"wp","href":"https:\/\/api.w.org\/{rel}","templated":true}]}}