{"id":1891,"date":"2025-09-26T15:51:37","date_gmt":"2025-09-26T18:51:37","guid":{"rendered":"https:\/\/www.audiovisao.com.br\/site\/?post_type=product&#038;p=1891"},"modified":"2025-10-04T13:18:18","modified_gmt":"2025-10-04T16:18:18","slug":"caixa-acustica-ativa-jbl-max10","status":"publish","type":"product","link":"https:\/\/www.audiovisao.com.br\/site\/produto\/caixa-acustica-ativa-jbl-max10\/","title":{"rendered":"CAIXA AC\u00daSTICA ATIVA JBL MAX10"},"content":{"rendered":"<p>A caixa de som port\u00e1til MAX 10, oferece qualidade e volume de som refer\u00eancia no seguimento de caixas ac\u00fasticas amplificadas, total facilidade ao uso, conjunto de recursos incompar\u00e1veis e ao pre\u00e7o mais acess\u00edvel da JBL. Com um simples toque no tone touch voc\u00ea escolhe a melhor tonalidade entre cinco predefini\u00e7\u00f5es e mais tr\u00eas para a aplica\u00e7\u00e3o, duas entradas combinadas entre microfone e instrumento com troca autom\u00e1tica entre microfone e line conforme voc\u00ea gira o potenci\u00f4metro de volume. Reproduza m\u00fasicas, trilhas sonoras ou faixas de playback com o Streaming de \u00e1udio Bluetooth\u00ae, ou relaxe ouvindo sua m\u00fasica favorita atrav\u00e9s do MP3 Pendrive com troca de pastas em um display de alta qualidade. Um gabinete em formato exclusivo para aplica\u00e7\u00f5es em pedestal com duas escolhas de alcance, posicionamento em modo monitor ou i\u00e7adas atrav\u00e9s de tr\u00eas pontos de i\u00e7amento, uma tela resistente com desenho moderno e harmonioso que suportam um estilo de vida itinerante.<\/p>\n<div class=\"spec-row\"><span class=\"spec-key\">Sistema tipo<\/span>\u00a0<span class=\"spec-value\">Duas vias 10&#8243; Amplificado<\/span><\/div>\n<div class=\"spec-row\"><span class=\"spec-key\">Gabinete<\/span>\u00a0<span class=\"spec-value\">Polipropoleno com tela em a\u00e7o.<\/span><\/div>\n<div class=\"spec-row\"><span class=\"spec-key\">MAX SPL<\/span>\u00a0<span class=\"spec-value\">127 dB<\/span><\/div>\n<div class=\"spec-row\"><span class=\"spec-key\">Resposta de frequ\u00eancia (\u00b13 dB)<\/span>\u00a0<span class=\"spec-value\">70Hz &#8211; 16,5Khz<\/span><\/div>\n<div class=\"spec-row\"><span class=\"spec-key\">Pot\u00eancia<\/span>\u00a0<span class=\"spec-value\">250 Watts RMS<\/span><\/div>\n<div class=\"spec-row\"><span class=\"spec-key\">Imped\u00e2ncia de entrada<\/span>\u00a0<span class=\"spec-value\">100k ohm balanceado<\/span><\/div>\n<div class=\"spec-row\"><span class=\"spec-key\">Padr\u00e3o de cobertura<\/span>\u00a0<span class=\"spec-value\">110\u00ba (horizontal) x 60\u00ba (vertical) nominal<\/span><\/div>\n<div class=\"spec-row\"><span class=\"spec-key\">Bluetooth<\/span>\u00a0<span class=\"spec-value\">Audio streaming, Bluetooth vers\u00e3o 5.0<\/span><\/div>\n<div class=\"spec-row\"><span class=\"spec-key\">DSP<\/span>\u00a0<span class=\"spec-value\">15 presets<\/span><\/div>\n<div class=\"spec-row\"><span class=\"spec-key\">Conex\u00f5es<\/span>\u00a0<span class=\"spec-value\">2 Entradas XLR\/TRS combo mic\/line, 1 Entrada Aux 3,5 mm ,1 Saida XLR pass-thru<\/span><\/div>\n<div class=\"spec-row\"><span class=\"spec-key\">Suporte<\/span>\u00a0<span class=\"spec-value\">35 mm (duplo \u00e2ngulo)<\/span><\/div>\n<div><\/div>\n<div>(Especifica\u00e7\u00f5es fornecidas pelo fabricante \/ importador)<\/div>\n","protected":false},"excerpt":{"rendered":"<h3><img fetchpriority=\"high\" decoding=\"async\" class=\"alignnone size-medium wp-image-1933\" src=\"https:\/\/www.audiovisao.com.br\/site\/wp-content\/uploads\/2025\/09\/JBL-MAX10-1-300x300.png\" alt=\"\" width=\"300\" height=\"300\" \/><\/h3>\n<h3>Ativa 250W Rms 10&#8243; Bluetooth\/USB<\/h3>\n","protected":false},"featured_media":1957,"template":"","meta":{"_bst_post_transparent":"default","_bst_post_title":"","_bst_post_layout":"default","_bst_post_sidebar_id":"","_bst_post_content_style":"default","_bst_post_vertical_padding":"default","_bst_post_feature":"","_bst_post_feature_position":"","_bst_post_header":false,"_bst_post_footer":false},"product_brand":[],"product_cat":[119,113],"product_tag":[],"class_list":{"0":"post-1891","1":"product","2":"type-product","3":"status-publish","4":"has-post-thumbnail","6":"product_cat-audio","7":"product_cat-caixas-acusticas","9":"first","10":"instock","11":"featured","12":"shipping-taxable","13":"purchasable","14":"product-type-simple","15":"entry","16":"content-bg","17":"loop-entry"},"_links":{"self":[{"href":"https:\/\/www.audiovisao.com.br\/site\/wp-json\/wp\/v2\/product\/1891","targetHints":{"allow":["GET"]}}],"collection":[{"href":"https:\/\/www.audiovisao.com.br\/site\/wp-json\/wp\/v2\/product"}],"about":[{"href":"https:\/\/www.audiovisao.com.br\/site\/wp-json\/wp\/v2\/types\/product"}],"wp:featuredmedia":[{"embeddable":true,"href":"https:\/\/www.audiovisao.com.br\/site\/wp-json\/wp\/v2\/media\/1957"}],"wp:attachment":[{"href":"https:\/\/www.audiovisao.com.br\/site\/wp-json\/wp\/v2\/media?parent=1891"}],"wp:term":[{"taxonomy":"product_brand","embeddable":true,"href":"https:\/\/www.audiovisao.com.br\/site\/wp-json\/wp\/v2\/product_brand?post=1891"},{"taxonomy":"product_cat","embeddable":true,"href":"https:\/\/www.audiovisao.com.br\/site\/wp-json\/wp\/v2\/product_cat?post=1891"},{"taxonomy":"product_tag","embeddable":true,"href":"https:\/\/www.audiovisao.com.br\/site\/wp-json\/wp\/v2\/product_tag?post=1891"}],"curies":[{"name":"wp","href":"https:\/\/api.w.org\/{rel}","templated":true}]}}