{"id":2075,"date":"2025-10-11T15:16:15","date_gmt":"2025-10-11T18:16:15","guid":{"rendered":"https:\/\/www.audiovisao.com.br\/site\/?post_type=product&#038;p=2075"},"modified":"2025-10-11T15:29:55","modified_gmt":"2025-10-11T18:29:55","slug":"microfone-de-lapela-sem-fio-skp-vhf795","status":"publish","type":"product","link":"https:\/\/www.audiovisao.com.br\/site\/produto\/microfone-de-lapela-sem-fio-skp-vhf795\/","title":{"rendered":"MICROFONE DE LAPELA SEM FIO SKP VHF795"},"content":{"rendered":"<p>ESPECIFICA\u00c7\u00d5ES<\/p>\n<ul>\n<li>Alcance m\u00e1ximo: At\u00e9 80m sem barreiras (ideal 40m)<\/li>\n<li>Alimenta\u00e7\u00e3o Microfone (transmissor): 2 pilhas AA (n\u00e3o inclu\u00eddas)<\/li>\n<li>Alimenta\u00e7\u00e3o Receptor: 110-220V<\/li>\n<li>Aplica\u00e7\u00e3o: Geral<\/li>\n<li>Autonomia da pilha \/ bateria: 6 horas<\/li>\n<li>Canais \/ Frequ\u00eancias: 1 Canal \/ VHF 174-240Mhz (dependendo da regi\u00e3o)<\/li>\n<li>Conex\u00e3o: P10<\/li>\n<li>Dimens\u00f5es Aproximadas da Caixa (AxLxC): 25x7x31.5 cm<\/li>\n<li>Distor\u00e7\u00e3o Harm\u00f4nica: &lt;0.5%<\/li>\n<li>Material do Corpo: Pl\u00e1stico<\/li>\n<li>Padr\u00e3o Polar: Cardi\u00f3ide<\/li>\n<li>Resposta de Frequ\u00eancia: 40Hz-15Khz \u00b1 3 Db<\/li>\n<li>Sensibilidade: 10dBuV Sinad=30dB<\/li>\n<li>Tipo de Modula\u00e7\u00e3o: FM, F3F<\/li>\n<li>Peso do Produto + Caixa: 0,85 kg<\/li>\n<li>Altura: 7cm<\/li>\n<li>Largura: 32cm<\/li>\n<li>Comprimento: 25cm<\/li>\n<\/ul>\n<p>(Especifica\u00e7\u00f5es fornecidas pelo fabricante \/ importador)<\/p>\n","protected":false},"excerpt":{"rendered":"<p>DE LAPELA \/ EXCELENTE QUALIDADE<\/p>\n","protected":false},"featured_media":2076,"template":"","meta":{"_bst_post_transparent":"default","_bst_post_title":"","_bst_post_layout":"default","_bst_post_sidebar_id":"","_bst_post_content_style":"default","_bst_post_vertical_padding":"default","_bst_post_feature":"","_bst_post_feature_position":"","_bst_post_header":false,"_bst_post_footer":false},"product_brand":[],"product_cat":[119,90],"product_tag":[],"class_list":{"0":"post-2075","1":"product","2":"type-product","3":"status-publish","4":"has-post-thumbnail","6":"product_cat-audio","7":"product_cat-microfones","9":"first","10":"instock","11":"shipping-taxable","12":"purchasable","13":"product-type-simple","14":"entry","15":"content-bg","16":"loop-entry"},"_links":{"self":[{"href":"https:\/\/www.audiovisao.com.br\/site\/wp-json\/wp\/v2\/product\/2075","targetHints":{"allow":["GET"]}}],"collection":[{"href":"https:\/\/www.audiovisao.com.br\/site\/wp-json\/wp\/v2\/product"}],"about":[{"href":"https:\/\/www.audiovisao.com.br\/site\/wp-json\/wp\/v2\/types\/product"}],"wp:featuredmedia":[{"embeddable":true,"href":"https:\/\/www.audiovisao.com.br\/site\/wp-json\/wp\/v2\/media\/2076"}],"wp:attachment":[{"href":"https:\/\/www.audiovisao.com.br\/site\/wp-json\/wp\/v2\/media?parent=2075"}],"wp:term":[{"taxonomy":"product_brand","embeddable":true,"href":"https:\/\/www.audiovisao.com.br\/site\/wp-json\/wp\/v2\/product_brand?post=2075"},{"taxonomy":"product_cat","embeddable":true,"href":"https:\/\/www.audiovisao.com.br\/site\/wp-json\/wp\/v2\/product_cat?post=2075"},{"taxonomy":"product_tag","embeddable":true,"href":"https:\/\/www.audiovisao.com.br\/site\/wp-json\/wp\/v2\/product_tag?post=2075"}],"curies":[{"name":"wp","href":"https:\/\/api.w.org\/{rel}","templated":true}]}}