{"id":2087,"date":"2025-10-11T15:55:43","date_gmt":"2025-10-11T18:55:43","guid":{"rendered":"https:\/\/www.audiovisao.com.br\/site\/?post_type=product&#038;p=2087"},"modified":"2025-10-11T16:13:18","modified_gmt":"2025-10-11T19:13:18","slug":"microfone-sem-fio-de-lapela-headset-instrumento-lyco-vh01maxhl","status":"publish","type":"product","link":"https:\/\/www.audiovisao.com.br\/site\/produto\/microfone-sem-fio-de-lapela-headset-instrumento-lyco-vh01maxhl\/","title":{"rendered":"MICROFONE SEM FIO DE LAPELA \/ HEADSET \/ INSTRUMENTO LYCO VH01MAXHL"},"content":{"rendered":"<p>ESPECIFICA\u00c7\u00d5ES<\/p>\n<p><strong>Receptor RE-VH01MAX<\/strong><\/p>\n<ul>\n<li>Faixa de frequ\u00eancia de portadora:<\/li>\n<li>VHF &#8211; 234,90 ~ 255,30 MHz<\/li>\n<li>Estabilidade modula\u00e7\u00e3o: FM<\/li>\n<li>Resposta em frequ\u00eancia: 60 Hz ~ 15 kHz<\/li>\n<li>Rela\u00e7\u00e3o sinal\/ru\u00eddo: = 90 dB &#8211; 0,5% (1 kHz)<\/li>\n<li>Rela\u00e7\u00e3o F\/N: &gt;75dB<\/li>\n<li>Rela\u00e7\u00e3o P\/N: &gt;75 dB<\/li>\n<li>5a\u00edda de \u00e1udio: 0 ~ 400 mW<\/li>\n<li>Alcance: 80 m<\/li>\n<li>Temperatura de opera\u00e7\u00e3o: -10 \u00b0C ~ +50 \u00b0C<\/li>\n<li>Fonte de alimenta\u00e7\u00e3o: Bivolt autom\u00e1tico<\/li>\n<li>Sa\u00edda de \u00e1udio: Balanceada XLR e n\u00e3o balanceada P10<\/li>\n<\/ul>\n<p><strong>Transmissor de bolso BT-VH01MAX<\/strong><\/p>\n<ul>\n<li>Faixa de frequ\u00eancia de RF: VHF 234,90 ~ 265,30 MHz<\/li>\n<li>Sa\u00edda RF: Max 30mW<\/li>\n<li>Dimens\u00f5es: 2 x 6 x 10cm (LxCxA)<\/li>\n<li>Peso l\u00edquido: 0,07 kg<\/li>\n<li>Alimenta\u00e7\u00e3o: 2 pilhas alcalinas 1,5V AA<\/li>\n<\/ul>\n<p><strong>CONTE\u00daDO DA EMBALAGEM<\/strong><\/p>\n<ul>\n<li>1x Receptor RE-VH01MAX<\/li>\n<li>1x Microfone Headset<\/li>\n<li>1x Microfone de Lapela<\/li>\n<li>1x Transmissor BT-VH01MAX<\/li>\n<li>1x Cabo PIO\/PIO<\/li>\n<li>1x Fonte de energia bivolt<\/li>\n<li>1x Manual de instru\u00e7\u00f5es<\/li>\n<li>1x Certificado de garantia<\/li>\n<li>2x Pilhas AA<\/li>\n<\/ul>\n<p>(Especifica\u00e7\u00f5es fornecidas pelo fabricante \/ importador)<\/p>\n","protected":false},"excerpt":{"rendered":"<p>VHF \/ CABE\u00c7A \/ LAPELA \/ INSTRUMENTO<\/p>\n","protected":false},"featured_media":2090,"template":"","meta":{"_bst_post_transparent":"default","_bst_post_title":"","_bst_post_layout":"default","_bst_post_sidebar_id":"","_bst_post_content_style":"default","_bst_post_vertical_padding":"default","_bst_post_feature":"","_bst_post_feature_position":"","_bst_post_header":false,"_bst_post_footer":false},"product_brand":[],"product_cat":[119,90],"product_tag":[],"class_list":{"0":"post-2087","1":"product","2":"type-product","3":"status-publish","4":"has-post-thumbnail","6":"product_cat-audio","7":"product_cat-microfones","9":"first","10":"instock","11":"shipping-taxable","12":"purchasable","13":"product-type-simple","14":"entry","15":"content-bg","16":"loop-entry"},"_links":{"self":[{"href":"https:\/\/www.audiovisao.com.br\/site\/wp-json\/wp\/v2\/product\/2087","targetHints":{"allow":["GET"]}}],"collection":[{"href":"https:\/\/www.audiovisao.com.br\/site\/wp-json\/wp\/v2\/product"}],"about":[{"href":"https:\/\/www.audiovisao.com.br\/site\/wp-json\/wp\/v2\/types\/product"}],"wp:featuredmedia":[{"embeddable":true,"href":"https:\/\/www.audiovisao.com.br\/site\/wp-json\/wp\/v2\/media\/2090"}],"wp:attachment":[{"href":"https:\/\/www.audiovisao.com.br\/site\/wp-json\/wp\/v2\/media?parent=2087"}],"wp:term":[{"taxonomy":"product_brand","embeddable":true,"href":"https:\/\/www.audiovisao.com.br\/site\/wp-json\/wp\/v2\/product_brand?post=2087"},{"taxonomy":"product_cat","embeddable":true,"href":"https:\/\/www.audiovisao.com.br\/site\/wp-json\/wp\/v2\/product_cat?post=2087"},{"taxonomy":"product_tag","embeddable":true,"href":"https:\/\/www.audiovisao.com.br\/site\/wp-json\/wp\/v2\/product_tag?post=2087"}],"curies":[{"name":"wp","href":"https:\/\/api.w.org\/{rel}","templated":true}]}}