{"id":213,"date":"2025-10-01T09:15:53","date_gmt":"2025-10-01T12:15:53","guid":{"rendered":"http:\/\/192.168.1.150\/user2\/wp_prototypes\/autoparts\/?post_type=product&#038;p=213"},"modified":"2025-10-04T13:21:02","modified_gmt":"2025-10-04T16:21:02","slug":"caixa-acustica-ativa-novik-evo460x","status":"publish","type":"product","link":"https:\/\/www.audiovisao.com.br\/site\/produto\/caixa-acustica-ativa-novik-evo460x\/","title":{"rendered":"CAIXA AC\u00daSTICA ATIVA NOVIK EVO460X"},"content":{"rendered":"<ul>\n<li>Fun\u00e7\u00f5es: Bluetooth, Mixer 2 Canais, EQ Graves, M\u00e9dios e Agudos, TWS<\/li>\n<li>R\u00e1dio FM: N\u00e3o<\/li>\n<li>Bluetooth: Sim<\/li>\n<li>Resposta de Frequ\u00eancia: 40Hz-18KHz<\/li>\n<li>Sa\u00edda Amplificada: Sim<\/li>\n<li>Imped\u00e2ncia: 8 Ohms<\/li>\n<li>Pot\u00eancia RMS: 350W \/ Pot\u00eancia de Pico (M\u00e1xima): 1400W<\/li>\n<li>Sensibilidade: 96dB (1W\/1m)<\/li>\n<li>SPL: 125 dB (Max)<\/li>\n<li>Tipo de Caixa: 2 Vias<\/li>\n<li>Tamanho do Alto Falante Woofer: 15 polegadas<\/li>\n<li>Driver: 1,75 polegada (tit\u00e2nio)<\/li>\n<li>Entrada: 1 Mic XLR\/P10, 1 Line XLR\/P10\/RCA<\/li>\n<li>Sa\u00edda: 1 Line out XLR, 1 Speakon (amplificada)<\/li>\n<li>Alimenta\u00e7\u00e3o: 110V \u2014 220V (bivolt chaveado)<\/li>\n<li>Consumo de Energia: 700W Classe I<\/li>\n<\/ul>\n<p>Informa\u00e7\u00f5es Adicionais: Mixer de 2 canais, EQ de graves, m\u00e9dios e agudos, sa\u00edda amplificada para a caixa ac\u00fastica passiva, fun\u00e7\u00e3o TWS, presets de equaliza\u00e7\u00e3o<\/p>\n<p>(Especifica\u00e7\u00f5es fornecidas pelo fabricante \/ importador)<\/p>\n","protected":false},"excerpt":{"rendered":"<p>WOOFER 15&#8243; + DRIVER TIT\u00c2NIO &#8211; 350WRMS<\/p>\n","protected":false},"featured_media":1989,"template":"","meta":{"_bst_post_transparent":"default","_bst_post_title":"","_bst_post_layout":"default","_bst_post_sidebar_id":"","_bst_post_content_style":"default","_bst_post_vertical_padding":"default","_bst_post_feature":"","_bst_post_feature_position":"","_bst_post_header":false,"_bst_post_footer":false},"product_brand":[],"product_cat":[119,113],"product_tag":[],"class_list":{"0":"post-213","1":"product","2":"type-product","3":"status-publish","4":"has-post-thumbnail","6":"product_cat-audio","7":"product_cat-caixas-acusticas","9":"first","10":"instock","11":"featured","12":"shipping-taxable","13":"purchasable","14":"product-type-simple","15":"entry","16":"content-bg","17":"loop-entry"},"_links":{"self":[{"href":"https:\/\/www.audiovisao.com.br\/site\/wp-json\/wp\/v2\/product\/213","targetHints":{"allow":["GET"]}}],"collection":[{"href":"https:\/\/www.audiovisao.com.br\/site\/wp-json\/wp\/v2\/product"}],"about":[{"href":"https:\/\/www.audiovisao.com.br\/site\/wp-json\/wp\/v2\/types\/product"}],"wp:featuredmedia":[{"embeddable":true,"href":"https:\/\/www.audiovisao.com.br\/site\/wp-json\/wp\/v2\/media\/1989"}],"wp:attachment":[{"href":"https:\/\/www.audiovisao.com.br\/site\/wp-json\/wp\/v2\/media?parent=213"}],"wp:term":[{"taxonomy":"product_brand","embeddable":true,"href":"https:\/\/www.audiovisao.com.br\/site\/wp-json\/wp\/v2\/product_brand?post=213"},{"taxonomy":"product_cat","embeddable":true,"href":"https:\/\/www.audiovisao.com.br\/site\/wp-json\/wp\/v2\/product_cat?post=213"},{"taxonomy":"product_tag","embeddable":true,"href":"https:\/\/www.audiovisao.com.br\/site\/wp-json\/wp\/v2\/product_tag?post=213"}],"curies":[{"name":"wp","href":"https:\/\/api.w.org\/{rel}","templated":true}]}}