{"id":2131,"date":"2025-10-16T22:26:41","date_gmt":"2025-10-17T01:26:41","guid":{"rendered":"https:\/\/www.audiovisao.com.br\/site\/?post_type=product&#038;p=2131"},"modified":"2025-10-16T22:33:27","modified_gmt":"2025-10-17T01:33:27","slug":"tripe-fotografico-weifeng-wt3730","status":"publish","type":"product","link":"https:\/\/www.audiovisao.com.br\/site\/produto\/tripe-fotografico-weifeng-wt3730\/","title":{"rendered":"TRIP\u00c9 FOTOGR\u00c1FICO WEIFENG WT3730"},"content":{"rendered":"<p>Especifica\u00e7\u00f5es:<\/p>\n<ul>\n<li>Material: Alum\u00ednio.<\/li>\n<li>Indicado Para Utiliza\u00e7\u00e3o: com c\u00e2meras compactas 35mm e digitais, reflex 35mm ou digitais leves.<\/li>\n<li>Capacidade (At\u00e9): 3 Kg.<\/li>\n<li>Numero de Sec\u00e7\u00f5es: 3.<\/li>\n<li>Altura M\u00e1xima: 153 cm.<\/li>\n<li>Altura M\u00ednima: 59 cm.<\/li>\n<li>Di\u00e2metro: 2 cm.<\/li>\n<li>Cabe\u00e7a M\u00f3vel: Sim.<\/li>\n<li>Manivela de Eleva\u00e7\u00e3o: Sim.<\/li>\n<li>Suporte para Pernas: Sim.<\/li>\n<li>Juntas Flex\u00edveis: N\u00e3o.<\/li>\n<li>Altura: 60 cm.<\/li>\n<li>Largura: 17 cm.<\/li>\n<li>Comprimento: 17 cm.<\/li>\n<li>Peso: 1.220 kg.<\/li>\n<\/ul>\n<p>(Especifica\u00e7\u00f5es fornecidas pelo fabricante \/ importador)<\/p>\n","protected":false},"excerpt":{"rendered":"<p>AMADOR, C\/ SUPORTE SMARTPHONE, C\/BOLSA<\/p>\n","protected":false},"featured_media":2132,"template":"","meta":{"_bst_post_transparent":"default","_bst_post_title":"","_bst_post_layout":"default","_bst_post_sidebar_id":"","_bst_post_content_style":"default","_bst_post_vertical_padding":"default","_bst_post_feature":"","_bst_post_feature_position":"","_bst_post_header":false,"_bst_post_footer":false},"product_brand":[],"product_cat":[122],"product_tag":[],"class_list":{"0":"post-2131","1":"product","2":"type-product","3":"status-publish","4":"has-post-thumbnail","6":"product_cat-fotografia-e-projecao","8":"first","9":"instock","10":"shipping-taxable","11":"purchasable","12":"product-type-simple","13":"entry","14":"content-bg","15":"loop-entry"},"_links":{"self":[{"href":"https:\/\/www.audiovisao.com.br\/site\/wp-json\/wp\/v2\/product\/2131","targetHints":{"allow":["GET"]}}],"collection":[{"href":"https:\/\/www.audiovisao.com.br\/site\/wp-json\/wp\/v2\/product"}],"about":[{"href":"https:\/\/www.audiovisao.com.br\/site\/wp-json\/wp\/v2\/types\/product"}],"wp:featuredmedia":[{"embeddable":true,"href":"https:\/\/www.audiovisao.com.br\/site\/wp-json\/wp\/v2\/media\/2132"}],"wp:attachment":[{"href":"https:\/\/www.audiovisao.com.br\/site\/wp-json\/wp\/v2\/media?parent=2131"}],"wp:term":[{"taxonomy":"product_brand","embeddable":true,"href":"https:\/\/www.audiovisao.com.br\/site\/wp-json\/wp\/v2\/product_brand?post=2131"},{"taxonomy":"product_cat","embeddable":true,"href":"https:\/\/www.audiovisao.com.br\/site\/wp-json\/wp\/v2\/product_cat?post=2131"},{"taxonomy":"product_tag","embeddable":true,"href":"https:\/\/www.audiovisao.com.br\/site\/wp-json\/wp\/v2\/product_tag?post=2131"}],"curies":[{"name":"wp","href":"https:\/\/api.w.org\/{rel}","templated":true}]}}