{"id":2148,"date":"2025-10-16T22:57:33","date_gmt":"2025-10-17T01:57:33","guid":{"rendered":"https:\/\/www.audiovisao.com.br\/site\/?post_type=product&#038;p=2148"},"modified":"2025-10-16T23:06:10","modified_gmt":"2025-10-17T02:06:10","slug":"microfone-shotgun-csr-ht-81","status":"publish","type":"product","link":"https:\/\/www.audiovisao.com.br\/site\/produto\/microfone-shotgun-csr-ht-81\/","title":{"rendered":"MICROFONE SHOTGUN CSR HT-81"},"content":{"rendered":"<p>ESPECIFICA\u00c7\u00d5ES<\/p>\n<ul>\n<li>Tipo de capsula: Condensada<\/li>\n<li>Polaridade: Ultra Cardiode<\/li>\n<li>Uni-direcional eletric condensador<\/li>\n<li>Resposta de Frequ\u00eancia: 100 ~ 1600Hz<\/li>\n<li>Sensibilidade: -44dB +\/- 2dB para curta dist\u00e2ncia<\/li>\n<li>Sensibilidade: -23dB +\/- 2dB para longa dist\u00e2ncia<\/li>\n<li>Alimenta\u00e7\u00e3o: DC1,5V &#8211; Pilha AA (N\u00e3o acompanha)<\/li>\n<li>Output imped\u00e2ncia: 1K Ohms para curta dist\u00e2ncia<\/li>\n<li>Output imped\u00e2ncia: 2,3K Ohms para longa dist\u00e2ncia<\/li>\n<li>Dimens\u00f5es (AxLxP): 39,50 x 2,10 x 2,10 cm<\/li>\n<li>Peso: 160g<\/li>\n<\/ul>\n<p>(Especifica\u00e7\u00f5es fornecidas pelo fabricante \/ importador)<\/p>\n","protected":false},"excerpt":{"rendered":"<p>MICROFONE SHOTGUN DIRECIONAL<\/p>\n","protected":false},"featured_media":2149,"template":"","meta":{"_bst_post_transparent":"default","_bst_post_title":"","_bst_post_layout":"default","_bst_post_sidebar_id":"","_bst_post_content_style":"default","_bst_post_vertical_padding":"default","_bst_post_feature":"","_bst_post_feature_position":"","_bst_post_header":false,"_bst_post_footer":false},"product_brand":[],"product_cat":[119,90],"product_tag":[],"class_list":{"0":"post-2148","1":"product","2":"type-product","3":"status-publish","4":"has-post-thumbnail","6":"product_cat-audio","7":"product_cat-microfones","9":"first","10":"instock","11":"shipping-taxable","12":"purchasable","13":"product-type-simple","14":"entry","15":"content-bg","16":"loop-entry"},"_links":{"self":[{"href":"https:\/\/www.audiovisao.com.br\/site\/wp-json\/wp\/v2\/product\/2148","targetHints":{"allow":["GET"]}}],"collection":[{"href":"https:\/\/www.audiovisao.com.br\/site\/wp-json\/wp\/v2\/product"}],"about":[{"href":"https:\/\/www.audiovisao.com.br\/site\/wp-json\/wp\/v2\/types\/product"}],"wp:featuredmedia":[{"embeddable":true,"href":"https:\/\/www.audiovisao.com.br\/site\/wp-json\/wp\/v2\/media\/2149"}],"wp:attachment":[{"href":"https:\/\/www.audiovisao.com.br\/site\/wp-json\/wp\/v2\/media?parent=2148"}],"wp:term":[{"taxonomy":"product_brand","embeddable":true,"href":"https:\/\/www.audiovisao.com.br\/site\/wp-json\/wp\/v2\/product_brand?post=2148"},{"taxonomy":"product_cat","embeddable":true,"href":"https:\/\/www.audiovisao.com.br\/site\/wp-json\/wp\/v2\/product_cat?post=2148"},{"taxonomy":"product_tag","embeddable":true,"href":"https:\/\/www.audiovisao.com.br\/site\/wp-json\/wp\/v2\/product_tag?post=2148"}],"curies":[{"name":"wp","href":"https:\/\/api.w.org\/{rel}","templated":true}]}}