{"id":215,"date":"2025-10-01T09:24:40","date_gmt":"2025-10-01T12:24:40","guid":{"rendered":"http:\/\/192.168.1.150\/user2\/wp_prototypes\/autoparts\/?post_type=product&#038;p=215"},"modified":"2025-10-04T13:21:45","modified_gmt":"2025-10-04T16:21:45","slug":"microfone-com-fio-soundvoice-sm58s","status":"publish","type":"product","link":"https:\/\/www.audiovisao.com.br\/site\/produto\/microfone-com-fio-soundvoice-sm58s\/","title":{"rendered":"MICROFONE COM FIO SOUNDVOICE SM58S"},"content":{"rendered":"<p>Al\u00e9m de possuir chave de liga e desliga, ele tamb\u00e9m possui um dos padr\u00f5es mais procurados no mercado de microfones. Tamb\u00e9m vale destacar sua qualidade de capta\u00e7\u00e3o com padr\u00e3o Soundvoice.<\/p>\n<p>Especifica\u00e7\u00f5es T\u00e9cnicas<\/p>\n<ul>\n<li>Corpo met\u00e1lico<\/li>\n<li>Com chave<\/li>\n<li>Tipo: Din\u00e2mico<\/li>\n<li>Diretividade: Unidirecional<\/li>\n<li>Sensibilidade: -50dB<\/li>\n<li>Imped\u00e2ncia de sa\u00edda: 600\u03a9<\/li>\n<li>Resposta de Frequ\u00eancia: 50Hz ~ 12KHz<\/li>\n<\/ul>\n<p>(Especifica\u00e7\u00f5es fornecidas pelo fabricante \/ importador)<\/p>\n","protected":false},"excerpt":{"rendered":"<p>DE M\u00c3O, CABO 4m, IMPED\u00c2NCIA 600 OHMS, COM CHAVE<\/p>\n","protected":false},"featured_media":1982,"template":"","meta":{"_bst_post_transparent":"default","_bst_post_title":"","_bst_post_layout":"default","_bst_post_sidebar_id":"","_bst_post_content_style":"default","_bst_post_vertical_padding":"default","_bst_post_feature":"","_bst_post_feature_position":"","_bst_post_header":false,"_bst_post_footer":false},"product_brand":[],"product_cat":[119,90],"product_tag":[],"class_list":{"0":"post-215","1":"product","2":"type-product","3":"status-publish","4":"has-post-thumbnail","6":"product_cat-audio","7":"product_cat-microfones","9":"first","10":"instock","11":"featured","12":"shipping-taxable","13":"purchasable","14":"product-type-simple","15":"entry","16":"content-bg","17":"loop-entry"},"_links":{"self":[{"href":"https:\/\/www.audiovisao.com.br\/site\/wp-json\/wp\/v2\/product\/215","targetHints":{"allow":["GET"]}}],"collection":[{"href":"https:\/\/www.audiovisao.com.br\/site\/wp-json\/wp\/v2\/product"}],"about":[{"href":"https:\/\/www.audiovisao.com.br\/site\/wp-json\/wp\/v2\/types\/product"}],"wp:featuredmedia":[{"embeddable":true,"href":"https:\/\/www.audiovisao.com.br\/site\/wp-json\/wp\/v2\/media\/1982"}],"wp:attachment":[{"href":"https:\/\/www.audiovisao.com.br\/site\/wp-json\/wp\/v2\/media?parent=215"}],"wp:term":[{"taxonomy":"product_brand","embeddable":true,"href":"https:\/\/www.audiovisao.com.br\/site\/wp-json\/wp\/v2\/product_brand?post=215"},{"taxonomy":"product_cat","embeddable":true,"href":"https:\/\/www.audiovisao.com.br\/site\/wp-json\/wp\/v2\/product_cat?post=215"},{"taxonomy":"product_tag","embeddable":true,"href":"https:\/\/www.audiovisao.com.br\/site\/wp-json\/wp\/v2\/product_tag?post=215"}],"curies":[{"name":"wp","href":"https:\/\/api.w.org\/{rel}","templated":true}]}}