{"id":2164,"date":"2025-10-27T14:40:16","date_gmt":"2025-10-27T17:40:16","guid":{"rendered":"https:\/\/www.audiovisao.com.br\/site\/?post_type=product&#038;p=2164"},"modified":"2025-10-27T14:51:15","modified_gmt":"2025-10-27T17:51:15","slug":"microfone-sem-fio-duplo-novik-unk330","status":"publish","type":"product","link":"https:\/\/www.audiovisao.com.br\/site\/produto\/microfone-sem-fio-duplo-novik-unk330\/","title":{"rendered":"MICROFONE SEM FIO DUPLO NOVIK UNK330"},"content":{"rendered":"<p>ESPECIFICA\u00c7\u00d5ES<\/p>\n<p><strong>MICROFONE:<\/strong><\/p>\n<ul>\n<li>Padr\u00e3o polar: Cardioide<\/li>\n<li>C\u00e1psula Din\u00e2mica<\/li>\n<li>Banda UHF<\/li>\n<li>Auto SCAN<\/li>\n<li>Frequ\u00eancia de trabalho: 668.00 \u2013 698.00 MHz<\/li>\n<li>Pot\u00eancia de sa\u00edda: 10 Mw<\/li>\n<li>Radia\u00e7\u00e3o harm\u00f4nica: -50 dBc<\/li>\n<li>Display LCD<\/li>\n<li>Bot\u00e3o ON\/OFF<\/li>\n<li>Alimenta\u00e7\u00e3o: 2x pilhas alcalinas AA 1.5V (Vida \u00fatil da pilha: At\u00e9 5h de uso)<\/li>\n<li>Alcance: 50 a 70 metros<\/li>\n<\/ul>\n<p><strong>RECEPTOR:<\/strong><\/p>\n<ul>\n<li>Cor: Preto<\/li>\n<li>Frequ\u00eancia de trabalho: 668.00 \u2013 698.00 MHz<\/li>\n<li>Faixa din\u00e2mica: 96 dB<\/li>\n<li>Distor\u00e7\u00e3o harm\u00f4nica total: Menos de 0,1%<\/li>\n<li>Resposta de frequ\u00eancia: 20 Hz &#8211; 20 kHz (+\/- 2 dB)<\/li>\n<li>Rela\u00e7\u00e3o sinal-ru\u00eddo: 96 dB<\/li>\n<li>Sensibilidade de recep\u00e7\u00e3o: -95 dBm<\/li>\n<li>Atraso de transmiss\u00e3o: Inferior a 3 ms<\/li>\n<li>Bot\u00e3o Liga\/Desliga<\/li>\n<li>Controle de Volume para canais A e B<\/li>\n<li>Indicador de LED do n\u00edvel de AF\/RF para canais A e B<\/li>\n<li>02 antenas (01 para cada canal) de uso obrigat\u00f3rio<\/li>\n<li>Sa\u00edda de \u00e1udio: 01 MIX OUT P10, 02 XLR Balanceados<\/li>\n<li>Tens\u00e3o: 110-220V (bivolt autom\u00e1tico)<\/li>\n<\/ul>\n<p>(Especifica\u00e7\u00f5es fornecidas pelo fabricante \/ importador)<\/p>\n","protected":false},"excerpt":{"rendered":"<p>DE M\u00c3O \/ DUPLO \/ UHF<\/p>\n","protected":false},"featured_media":2165,"template":"","meta":{"_bst_post_transparent":"default","_bst_post_title":"","_bst_post_layout":"default","_bst_post_sidebar_id":"","_bst_post_content_style":"default","_bst_post_vertical_padding":"default","_bst_post_feature":"","_bst_post_feature_position":"","_bst_post_header":false,"_bst_post_footer":false},"product_brand":[],"product_cat":[119,90],"product_tag":[],"class_list":{"0":"post-2164","1":"product","2":"type-product","3":"status-publish","4":"has-post-thumbnail","6":"product_cat-audio","7":"product_cat-microfones","9":"first","10":"instock","11":"shipping-taxable","12":"purchasable","13":"product-type-simple","14":"entry","15":"content-bg","16":"loop-entry"},"_links":{"self":[{"href":"https:\/\/www.audiovisao.com.br\/site\/wp-json\/wp\/v2\/product\/2164","targetHints":{"allow":["GET"]}}],"collection":[{"href":"https:\/\/www.audiovisao.com.br\/site\/wp-json\/wp\/v2\/product"}],"about":[{"href":"https:\/\/www.audiovisao.com.br\/site\/wp-json\/wp\/v2\/types\/product"}],"wp:featuredmedia":[{"embeddable":true,"href":"https:\/\/www.audiovisao.com.br\/site\/wp-json\/wp\/v2\/media\/2165"}],"wp:attachment":[{"href":"https:\/\/www.audiovisao.com.br\/site\/wp-json\/wp\/v2\/media?parent=2164"}],"wp:term":[{"taxonomy":"product_brand","embeddable":true,"href":"https:\/\/www.audiovisao.com.br\/site\/wp-json\/wp\/v2\/product_brand?post=2164"},{"taxonomy":"product_cat","embeddable":true,"href":"https:\/\/www.audiovisao.com.br\/site\/wp-json\/wp\/v2\/product_cat?post=2164"},{"taxonomy":"product_tag","embeddable":true,"href":"https:\/\/www.audiovisao.com.br\/site\/wp-json\/wp\/v2\/product_tag?post=2164"}],"curies":[{"name":"wp","href":"https:\/\/api.w.org\/{rel}","templated":true}]}}