{"id":221,"date":"2025-09-26T19:42:46","date_gmt":"2025-09-26T22:42:46","guid":{"rendered":"http:\/\/192.168.1.150\/user2\/wp_prototypes\/autoparts\/?post_type=product&#038;p=221"},"modified":"2025-10-04T13:18:35","modified_gmt":"2025-10-04T16:18:35","slug":"amplificador-frahm-slim-g6","status":"publish","type":"product","link":"https:\/\/www.audiovisao.com.br\/site\/produto\/amplificador-frahm-slim-g6\/","title":{"rendered":"AMPLIFICADOR FRAHM SLIM 2000 G6"},"content":{"rendered":"<p>Amplificador que pode sonorizar um ambiente de f\u00e1cil modo, pois possibilita a instala\u00e7\u00e3o de at\u00e9 4 caixas de 8 Ohms em paralelo.<\/p>\n<p>Pot\u00eancia RMS: 120W @2\u2126<\/p>\n<p>Amplificador mono Classe AB<\/p>\n<p>Sensibilidade do MIC: 7m VRMS @ 1KHZ<\/p>\n<p>Sensibilidade do AUX: 260m VRMS @ 1 KHZ<\/p>\n<p>Imped\u00e2ncia do MIC: 2K2\u2126<\/p>\n<p>Imped\u00e2ncia do AUX: 39K\u2126<\/p>\n<p>Bivolt Autom\u00e1tico 90~240V<\/p>\n<p>Fus\u00edvel: 3A<\/p>\n<p>Consumo M\u00e1ximo: 170W<\/p>\n<p>N\u00famero de vias: 3<\/p>\n<p>Frequ\u00eancia de Atua\u00e7\u00e3o: Graves: 100Hz \u2013 M\u00e9dios: 1KHz \u2013 Agudos: 10KHz<\/p>\n<p>Peso: 1,3Kg<\/p>\n<p>Dimens\u00f5es (AxLxP): 68 x 327 x 135mm<\/p>\n<p>(Especifica\u00e7\u00f5es fornecidas pelo fabricante \/ importador)<\/p>\n","protected":false},"excerpt":{"rendered":"<p>Com Bluetooth USB\/SD\/FM 120WRMS<\/p>\n","protected":false},"featured_media":1959,"template":"","meta":{"_bst_post_transparent":"default","_bst_post_title":"","_bst_post_layout":"default","_bst_post_sidebar_id":"","_bst_post_content_style":"default","_bst_post_vertical_padding":"default","_bst_post_feature":"","_bst_post_feature_position":"","_bst_post_header":false,"_bst_post_footer":false},"product_brand":[],"product_cat":[119,110],"product_tag":[],"class_list":{"0":"post-221","1":"product","2":"type-product","3":"status-publish","4":"has-post-thumbnail","6":"product_cat-audio","7":"product_cat-amplificadores","9":"first","10":"instock","11":"shipping-taxable","12":"purchasable","13":"product-type-simple","14":"entry","15":"content-bg","16":"loop-entry"},"_links":{"self":[{"href":"https:\/\/www.audiovisao.com.br\/site\/wp-json\/wp\/v2\/product\/221","targetHints":{"allow":["GET"]}}],"collection":[{"href":"https:\/\/www.audiovisao.com.br\/site\/wp-json\/wp\/v2\/product"}],"about":[{"href":"https:\/\/www.audiovisao.com.br\/site\/wp-json\/wp\/v2\/types\/product"}],"wp:featuredmedia":[{"embeddable":true,"href":"https:\/\/www.audiovisao.com.br\/site\/wp-json\/wp\/v2\/media\/1959"}],"wp:attachment":[{"href":"https:\/\/www.audiovisao.com.br\/site\/wp-json\/wp\/v2\/media?parent=221"}],"wp:term":[{"taxonomy":"product_brand","embeddable":true,"href":"https:\/\/www.audiovisao.com.br\/site\/wp-json\/wp\/v2\/product_brand?post=221"},{"taxonomy":"product_cat","embeddable":true,"href":"https:\/\/www.audiovisao.com.br\/site\/wp-json\/wp\/v2\/product_cat?post=221"},{"taxonomy":"product_tag","embeddable":true,"href":"https:\/\/www.audiovisao.com.br\/site\/wp-json\/wp\/v2\/product_tag?post=221"}],"curies":[{"name":"wp","href":"https:\/\/api.w.org\/{rel}","templated":true}]}}