{"id":2221,"date":"2025-12-03T10:17:45","date_gmt":"2025-12-03T13:17:45","guid":{"rendered":"https:\/\/www.audiovisao.com.br\/site\/?post_type=product&#038;p=2221"},"modified":"2025-12-03T10:41:58","modified_gmt":"2025-12-03T13:41:58","slug":"microfone-sem-fio-duplo-vokal-vs802dm","status":"publish","type":"product","link":"https:\/\/www.audiovisao.com.br\/site\/produto\/microfone-sem-fio-duplo-vokal-vs802dm\/","title":{"rendered":"MICROFONE SEM FIO DUPLO VOKAL VS802DM"},"content":{"rendered":"<p><b>Caracter\u00edsticas do Receptor:<\/b><br \/>\nReceptor com dois transmissores (Transmissor de m\u00e3o T48V recarreg\u00e1vel)<br \/>\n48 frequ\u00eancias diferentes por canal<br \/>\nFrequ\u00eancia UHF (614 ~ 670mHz)<br \/>\nM\u00e9todo de programa\u00e7\u00e3o p\/i4 DQPSK<br \/>\nTipo de modula\u00e7\u00e3o FM<br \/>\nSincroniza\u00e7\u00e3o do sistema por c\u00f3digo ID<br \/>\nDisplay em LED com indica\u00e7\u00f5es de canal, frequ\u00eancia e \u00e1udio<br \/>\nAntenas destac\u00e1veis e articul\u00e1veis<br \/>\nTecla Liga\/Desliga e potenci\u00f4metro de volume no painel frontal<br \/>\nSa\u00eddas de \u00e1udio balanceadas individuais (XLR) e mixadas A + B (P-10) Obs.: Controle de volume em ambas as sa\u00eddas<br \/>\nConector da Fonte (Plug P-4 a 2,1mm, +12VDC)<br \/>\nConector para recarga das baterias USB .<\/p>\n<p><b>ALIMENTA\u00c7\u00c3O :<\/b><br \/>\nFonte chaveada 100~240VAC (50\/60Hz) x +12 VDC<\/p>\n<p><b>CARACTER\u00cdSTICAS DO TRANSMISSOR T48V<\/b><br \/>\n48 frequ\u00eancias diferentes por transmissor<br \/>\nM\u00e9todo de programa\u00e7\u00e3o p\/i4 DQPSK<br \/>\nSincroniza\u00e7\u00e3o do sistema por c\u00f3digo ID<br \/>\nGlobo anat\u00f4mico em estrutura met\u00e1lica<br \/>\nCorpo em metal, com tampa do compartimento de bateria<br \/>\nDisplay em LED com indica\u00e7\u00f5es canal \/ frequ\u00eancia e status da bateria<br \/>\nTeclas de fun\u00e7\u00f5es Power e sele\u00e7\u00e3o de canais<br \/>\nCircuito de recarga para bateria<br \/>\nConector tipo C para o cabo de recarga da bateria<br \/>\nIndicadores visuais para indicar o processo de recarga da bateria<br \/>\nDist\u00e2ncia de transmiss\u00e3o 50Mts (sem obst\u00e1culos)<\/p>\n<p><b>ALIMENTA\u00c7\u00c3O:<\/b><br \/>\n1 x Bateria de L\u00ed-ion 3,7 Volts Recarreg\u00e1vel modelo 18650<\/p>\n<p><b>CAPSULA:<\/b><br \/>\nDin\u00e2mica unidirecional<br \/>\nPadr\u00e3o polar Cardioide<br \/>\nResposta de frequ\u00eancia 30 ~ 20kHz<br \/>\nImped\u00e2ncia 600 Ohms<\/p>\n<p><b>ACESS\u00d3RIOS:<\/b><br \/>\n1-Cabos P-10 x P-10<br \/>\n1-Cabo &#8221;Y&#8221; USB x USB tipo C<br \/>\n1-Fonte de Alimenta\u00e7\u00e3o com Plug P-4<br \/>\n2-Bateria Li-ion (Lithium) 18650 3,7 Volts<br \/>\n2-Antena conector TNC\/BNC de encaixe<br \/>\n1-Manual de instru\u00e7\u00f5es<\/p>\n<p>&nbsp;<\/p>\n","protected":false},"excerpt":{"rendered":"<p>UHF \/ SINGLE \/ HEADSET \/ 16 CANAIS<\/p>\n","protected":false},"featured_media":2224,"template":"","meta":{"_bst_post_transparent":"default","_bst_post_title":"","_bst_post_layout":"default","_bst_post_sidebar_id":"","_bst_post_content_style":"default","_bst_post_vertical_padding":"default","_bst_post_feature":"","_bst_post_feature_position":"","_bst_post_header":false,"_bst_post_footer":false},"product_brand":[],"product_cat":[119,90],"product_tag":[],"class_list":{"0":"post-2221","1":"product","2":"type-product","3":"status-publish","4":"has-post-thumbnail","6":"product_cat-audio","7":"product_cat-microfones","9":"first","10":"instock","11":"shipping-taxable","12":"purchasable","13":"product-type-simple","14":"entry","15":"content-bg","16":"loop-entry"},"_links":{"self":[{"href":"https:\/\/www.audiovisao.com.br\/site\/wp-json\/wp\/v2\/product\/2221","targetHints":{"allow":["GET"]}}],"collection":[{"href":"https:\/\/www.audiovisao.com.br\/site\/wp-json\/wp\/v2\/product"}],"about":[{"href":"https:\/\/www.audiovisao.com.br\/site\/wp-json\/wp\/v2\/types\/product"}],"wp:featuredmedia":[{"embeddable":true,"href":"https:\/\/www.audiovisao.com.br\/site\/wp-json\/wp\/v2\/media\/2224"}],"wp:attachment":[{"href":"https:\/\/www.audiovisao.com.br\/site\/wp-json\/wp\/v2\/media?parent=2221"}],"wp:term":[{"taxonomy":"product_brand","embeddable":true,"href":"https:\/\/www.audiovisao.com.br\/site\/wp-json\/wp\/v2\/product_brand?post=2221"},{"taxonomy":"product_cat","embeddable":true,"href":"https:\/\/www.audiovisao.com.br\/site\/wp-json\/wp\/v2\/product_cat?post=2221"},{"taxonomy":"product_tag","embeddable":true,"href":"https:\/\/www.audiovisao.com.br\/site\/wp-json\/wp\/v2\/product_tag?post=2221"}],"curies":[{"name":"wp","href":"https:\/\/api.w.org\/{rel}","templated":true}]}}