{"id":2310,"date":"2026-03-12T16:18:39","date_gmt":"2026-03-12T19:18:39","guid":{"rendered":"https:\/\/www.audiovisao.com.br\/site\/?post_type=product&#038;p=2310"},"modified":"2026-03-12T16:28:04","modified_gmt":"2026-03-12T19:28:04","slug":"mixer-2-canais-soundvoice-delphi-01","status":"publish","type":"product","link":"https:\/\/www.audiovisao.com.br\/site\/produto\/mixer-2-canais-soundvoice-delphi-01\/","title":{"rendered":"MIXER 2 CANAIS SOUNDVOICE DELPHI 01"},"content":{"rendered":"<p>A\u00a0<strong>DELPHI-01<\/strong>\u00a0\u00e9 a mesa de som compacta ideal para quem busca praticidade sem abrir m\u00e3o da qualidade. Com 2 entradas combo e ajuste de volume por canal, ela oferece total controle sobre o som. A entrada para mic condensador e o phantom power garantem compatibilidade com microfones de alta performance, enquanto a grava\u00e7\u00e3o em multipista permite criar produ\u00e7\u00f5es completas. A conex\u00e3o USB-B facilita a integra\u00e7\u00e3o com seu computador, e o interruptor mono\/est\u00e9reo oferece flexibilidade para diferentes configura\u00e7\u00f5es.<\/p>\n<p>Especifica\u00e7\u00f5es:<\/p>\n<p>2 entradas balanceadas XLR\/P10<br \/>\n2 sa\u00eddas L e R<br \/>\nPhantom Power<br \/>\nEntrada P3 para microfone condesador<br \/>\nFun\u00e7\u00e3o HI-Z<br \/>\nGrava\u00e7\u00e3o em multitrack<br \/>\nSa\u00edda para fone de ouvido<br \/>\nEntrada Mic 1-2 (balanceadas)<br \/>\nResposta de frequ\u00eancia: -1\/-1db, 20Hz-20KHz<br \/>\nFaixa din\u00e2mica: 82dB, pondera\u00e7\u00e3o A<br \/>\nTHD+N 0,03%, 1KHz<br \/>\nN\u00edvel de entrada: +6dBu<br \/>\nResist\u00eancia de entrada: 4<br \/>\nGanho total: +3dB -+60dB<br \/>\nEntrada HI-Z 2 (desbalanceada)<br \/>\nN\u00edvel m\u00e1ximo de entrada: +3,0dbV<br \/>\nResist\u00eancia de entrada: 1M<br \/>\nGanho total: 0dB -+40dB<br \/>\nEntrada de linha 1\/2 (balanceada)<br \/>\nN\u00edvel m\u00e1ximo de entrada: +10dBu<br \/>\nResist\u00eancia de entrada: -10dB -+40dB<br \/>\nSa\u00edda principal (equil\u00edbrio de imped\u00e2ncia)<br \/>\nResposta de frequ\u00eancia: -1\/-1db, 20Hz-20KHz<br \/>\nFaixa din\u00e2mica: 82dB, pondera\u00e7\u00e3o A<br \/>\nTHD+N 0,03%, 1KHz<br \/>\nN\u00edvel m\u00e1ximo de entrada: +6dBu<br \/>\nResist\u00eancia de entrada: 100<\/p>\n","protected":false},"excerpt":{"rendered":"<p>2 CANAIS &#8211; COMPACTO &#8211; USB<\/p>\n","protected":false},"featured_media":2311,"template":"","meta":{"_bst_post_transparent":"default","_bst_post_title":"","_bst_post_layout":"default","_bst_post_sidebar_id":"","_bst_post_content_style":"default","_bst_post_vertical_padding":"default","_bst_post_feature":"","_bst_post_feature_position":"","_bst_post_header":false,"_bst_post_footer":false},"product_brand":[],"product_cat":[119,111],"product_tag":[],"class_list":{"0":"post-2310","1":"product","2":"type-product","3":"status-publish","4":"has-post-thumbnail","6":"product_cat-audio","7":"product_cat-mesas-de-som","9":"first","10":"instock","11":"shipping-taxable","12":"purchasable","13":"product-type-simple","14":"entry","15":"content-bg","16":"loop-entry"},"_links":{"self":[{"href":"https:\/\/www.audiovisao.com.br\/site\/wp-json\/wp\/v2\/product\/2310","targetHints":{"allow":["GET"]}}],"collection":[{"href":"https:\/\/www.audiovisao.com.br\/site\/wp-json\/wp\/v2\/product"}],"about":[{"href":"https:\/\/www.audiovisao.com.br\/site\/wp-json\/wp\/v2\/types\/product"}],"wp:featuredmedia":[{"embeddable":true,"href":"https:\/\/www.audiovisao.com.br\/site\/wp-json\/wp\/v2\/media\/2311"}],"wp:attachment":[{"href":"https:\/\/www.audiovisao.com.br\/site\/wp-json\/wp\/v2\/media?parent=2310"}],"wp:term":[{"taxonomy":"product_brand","embeddable":true,"href":"https:\/\/www.audiovisao.com.br\/site\/wp-json\/wp\/v2\/product_brand?post=2310"},{"taxonomy":"product_cat","embeddable":true,"href":"https:\/\/www.audiovisao.com.br\/site\/wp-json\/wp\/v2\/product_cat?post=2310"},{"taxonomy":"product_tag","embeddable":true,"href":"https:\/\/www.audiovisao.com.br\/site\/wp-json\/wp\/v2\/product_tag?post=2310"}],"curies":[{"name":"wp","href":"https:\/\/api.w.org\/{rel}","templated":true}]}}