{"id":2315,"date":"2026-03-12T16:28:43","date_gmt":"2026-03-12T19:28:43","guid":{"rendered":"https:\/\/www.audiovisao.com.br\/site\/?post_type=product&#038;p=2315"},"modified":"2026-03-12T16:34:08","modified_gmt":"2026-03-12T19:34:08","slug":"mixer-8-canais-soundvoice-mc-8bt","status":"publish","type":"product","link":"https:\/\/www.audiovisao.com.br\/site\/produto\/mixer-8-canais-soundvoice-mc-8bt\/","title":{"rendered":"MIXER 8 CANAIS SOUNDVOICE MC-8BT"},"content":{"rendered":"<p>Especifica\u00e7\u00f5es:<\/p>\n<p>8 canais combo XLR e de linha P-10 (6 mono + 1 estereo)<br \/>\nEqualiza\u00e7\u00e3o de 3 vias (grave, m\u00e9dio e agudo) por canal<br \/>\nPossui Efeitos 24 bits<br \/>\n24 efeitos<br \/>\nProcessador de efeitos com tela de LCD<br \/>\nEntrada USB com display digital<br \/>\nInterface de \u00e1udio<br \/>\nGrava\u00e7\u00e3o e reprodu\u00e7\u00e3o direta em USB<br \/>\nFun\u00e7\u00e3o Bluetooth<br \/>\nLeds indicadores de pico<br \/>\n+48v phantom power (canais 1 ao 4)<br \/>\nHPF canais 5 e 6<br \/>\nbivolt<\/p>\n","protected":false},"excerpt":{"rendered":"<p>8 CANAIS &#8211; COMPACTO &#8211; USB<\/p>\n","protected":false},"featured_media":2317,"template":"","meta":{"_bst_post_transparent":"default","_bst_post_title":"","_bst_post_layout":"default","_bst_post_sidebar_id":"","_bst_post_content_style":"default","_bst_post_vertical_padding":"default","_bst_post_feature":"","_bst_post_feature_position":"","_bst_post_header":false,"_bst_post_footer":false},"product_brand":[],"product_cat":[119,111],"product_tag":[],"class_list":{"0":"post-2315","1":"product","2":"type-product","3":"status-publish","4":"has-post-thumbnail","6":"product_cat-audio","7":"product_cat-mesas-de-som","9":"first","10":"instock","11":"shipping-taxable","12":"purchasable","13":"product-type-simple","14":"entry","15":"content-bg","16":"loop-entry"},"_links":{"self":[{"href":"https:\/\/www.audiovisao.com.br\/site\/wp-json\/wp\/v2\/product\/2315","targetHints":{"allow":["GET"]}}],"collection":[{"href":"https:\/\/www.audiovisao.com.br\/site\/wp-json\/wp\/v2\/product"}],"about":[{"href":"https:\/\/www.audiovisao.com.br\/site\/wp-json\/wp\/v2\/types\/product"}],"wp:featuredmedia":[{"embeddable":true,"href":"https:\/\/www.audiovisao.com.br\/site\/wp-json\/wp\/v2\/media\/2317"}],"wp:attachment":[{"href":"https:\/\/www.audiovisao.com.br\/site\/wp-json\/wp\/v2\/media?parent=2315"}],"wp:term":[{"taxonomy":"product_brand","embeddable":true,"href":"https:\/\/www.audiovisao.com.br\/site\/wp-json\/wp\/v2\/product_brand?post=2315"},{"taxonomy":"product_cat","embeddable":true,"href":"https:\/\/www.audiovisao.com.br\/site\/wp-json\/wp\/v2\/product_cat?post=2315"},{"taxonomy":"product_tag","embeddable":true,"href":"https:\/\/www.audiovisao.com.br\/site\/wp-json\/wp\/v2\/product_tag?post=2315"}],"curies":[{"name":"wp","href":"https:\/\/api.w.org\/{rel}","templated":true}]}}